{"id":68415,"date":"2025-12-08T11:16:47","date_gmt":"2025-12-08T16:16:47","guid":{"rendered":"https:\/\/masteringanger.com\/staging\/?post_type=product&#038;p=68415"},"modified":"2026-03-26T14:36:23","modified_gmt":"2026-03-26T18:36:23","slug":"linea-en-linea-de-gestion-de-la-ira-16-horas","status":"publish","type":"product","link":"https:\/\/masteringanger.com\/staging\/courses\/linea-en-linea-de-gestion-de-la-ira-16-horas\/","title":{"rendered":"Clase de manejo de ira de 16 horas"},"content":{"rendered":"<p>Esta clase de espa\u00f1ol consta de ocho m\u00f3dulos que van desde habilidades de comunicaci\u00f3n, competencia emocional, manejo del estr\u00e9s y negociaci\u00f3n.<\/p>\n<p>El contenido se presenta en formatos para un f\u00e1cil seguimiento visual y una narraci\u00f3n relajante. Simplemente disfrute de la presentaci\u00f3n, tome notas si lo desea y cuando la presentaci\u00f3n est\u00e9 completa, pase las pruebas de verdadero o falso con puntuaciones del 80% o m\u00e1s para recibir su certificado de finalizaci\u00f3n.<\/p>\n<p>Esta clase es ideal por orden judicial, superaci\u00f3n personal o motivos laborales. Al finalizar el curso, el certificado de finalizaci\u00f3n estar\u00e1 disponible instant\u00e1neamente en su sala del curso como un archivo PDF. Eso significa que no hay que esperar para enviar por correo o correo electr\u00f3nico los certificados de finalizaci\u00f3n.<\/p>\n<p>Sin embargo, si lo solicita, se le enviar\u00e1 una copia certificada GRATUITA por correo prioritario de USPS. Los certificados enviados por correo suelen llegar en 2 a 3 d\u00edas h\u00e1biles. Haga clic en Inscribirse ahora para comenzar.<\/p>\n","protected":false},"excerpt":{"rendered":"<p>Esta clase de espa\u00f1ol consta de ocho m\u00f3dulos que van desde habilidades de comunicaci\u00f3n, competencia emocional, manejo del estr\u00e9s y negociaci\u00f3n. El contenido se presenta&hellip;<\/p>\n","protected":false},"featured_media":68353,"template":"","meta":[],"product_brand":[],"product_cat":[48],"product_tag":[],"class_list":{"0":"post-68415","1":"product","2":"type-product","3":"status-publish","4":"has-post-thumbnail","6":"product_cat-uncategorized","8":"first","9":"instock","10":"virtual","11":"sold-individually","12":"purchasable","13":"product-type-simple"},"acf":[],"_links":{"self":[{"href":"https:\/\/masteringanger.com\/staging\/wp-json\/wp\/v2\/product\/68415","targetHints":{"allow":["GET"]}}],"collection":[{"href":"https:\/\/masteringanger.com\/staging\/wp-json\/wp\/v2\/product"}],"about":[{"href":"https:\/\/masteringanger.com\/staging\/wp-json\/wp\/v2\/types\/product"}],"wp:featuredmedia":[{"embeddable":true,"href":"https:\/\/masteringanger.com\/staging\/wp-json\/wp\/v2\/media\/68353"}],"wp:attachment":[{"href":"https:\/\/masteringanger.com\/staging\/wp-json\/wp\/v2\/media?parent=68415"}],"wp:term":[{"taxonomy":"product_brand","embeddable":true,"href":"https:\/\/masteringanger.com\/staging\/wp-json\/wp\/v2\/product_brand?post=68415"},{"taxonomy":"product_cat","embeddable":true,"href":"https:\/\/masteringanger.com\/staging\/wp-json\/wp\/v2\/product_cat?post=68415"},{"taxonomy":"product_tag","embeddable":true,"href":"https:\/\/masteringanger.com\/staging\/wp-json\/wp\/v2\/product_tag?post=68415"}],"curies":[{"name":"wp","href":"https:\/\/api.w.org\/{rel}","templated":true}]}}